b) = -9*b**2 + 4. Let n be j(-2). Let a be 2168/n + 1/(-4). Let o be a/20 - (-4)/10. Calculate m(o).
5
Let v be (-2)/(-13) - (-2 + (-45)/(-39)). Let s(w) = -11*w + 3. Let u(a) = -6*a + 2. Let k(f) = 3*s(f) - 5*u(f). Determine k(v).
-4
Let n(r) = r**3 - 7*r**2 + 7*r + 2. Let s be n(6). Let h(z) = 3*z**2 + 18*z - 6. Let m(u) = -5*u**2 - 27*u + 10. Let b(v) = 8*h(v) + 5*m(v). Calculate b(s).
10
Let i(d) = -d**2 + 7*d + 6. Let r(j) = -j**2 + 3*j + 335. Let k be r(-17). Give i(k).
-54
Let c = -63 + 100. Let k = c + -22. Let u be 26/5 + (-3)/k. Let v(n) = n**3 - 5*n**2 + n - 4. Determine v(u).
1
Let u(v) = -2*v + 17. Let z = 287 - 280. Calculate u(z).
3
Let h(v) = 4*v**3 - 11*v**2 - 8*v. Let f(s) = -10*s**2 + 3*s - 3 - 4*s + 3*s**3 + 2 - 6*s. Let o(i) = -5*f(i) + 4*h(i). Give o(-6).
-13
Suppose 8*o + 3*t - 15 = 12*o, -5*t = 2*o - 25. Let g(s) = -s**3 + s - 36. What is g(o)?
-36
Let j = 52 - 49. Let v(u) = 7 + 0 + 5*u**2 + 0*u**j + u**3. What is v(-5)?
7
Let m(i) be the first derivative of -i**4/4 + 4*i**3/3 - 2*i + 19. What is m(4)?
-2
Let o(z) = -z**3 + 2*z**2 + 2*z - 2. Suppose 4*a = 4*h, -3*a + 6 = -5*h - a. Let w = 1 - h. Determine o(w).
-5
Suppose 2*o - 4*o = 3*b + 9, o = -b - 3. Let a(r) = -r**3 - 4*r**2 - 2*r + 5. Let j be a(b). Let k(y) = -389 + 389 + y**3 - 2*y + 3*y**j. What is k(-4)?
-8
Let q = -5 + 5. Let t(i) be the second derivative of -i**3/6 + 5*i**2 - 736*i. Give t(q).
10
Suppose 4*g + 4*j + 28 = 0, -4*j = -2*g - 2*j - 14. Let m(v) = 0*v - 8 + v**3 + v**2 + 4*v**2 + 2*v**2 - 2*v. Determine m(g).
6
Let p(g) = g**3 - 6*g**2 + 7*g - 4. Let m be p(5). Let y(q) = 4*q**2 - 5*q**2 + 7 + 9 - 14 - m*q. Calculate y(-6).
2
Suppose 3*r - 72 = -0. Suppose n + 4*l = 3*l + r, 4*l = 4*n - 64. Let y(s) = -30*s + n*s - 2*s**2 + 9*s. Calculate y(1).
-3
Let w(q) = q**2 + 2*q + 6. Let u be (-2)/(-16) - 3185/392. Determine w(u).
54
Let d(u) = -u**3 - 5*u**2 - 6. Let s = 30 + 9. Let x = 34 - s. What is d(x)?
-6
Let l(t) = -t**3 + t - 9. Let v = 45 - 46. Let s be (2 - 8)/(-2) - (-3)/v. Calculate l(s).
-9
Let s(u) = -u**2 + 4*u - 2*u**2 + 4*u**2 + 3. Suppose 31*q = 29*q + 18. Suppose -q = -o + 5*g, 0*o + 5*o - g = -27. Determine s(o).
15
Let i(a) = -a**2 - a. Let f(o) = 5*o**2 - o - 2. Let q(z) = f(z) + 4*i(z). Give q(8).
22
Suppose -5*s + 10 = -m - 59, -2*m = -2*s + 26. Let j(p) = -16*p - p**2 + s*p - p**2. Determine j(2).
-12
Let o(h) = -h**3 - 11*h**2 + 11*h - 17. Suppose -k + 3*k + 4 = -4*d, 5*k + 120 = 12*d. Determine o(k).
-5
Suppose -4*v - 5*v + 27 = 0. Let a(r) = -2958*r**3 - 8 - v - r**2 + 2957*r**3 + r + 0*r. Give a(0).
-11
Let q(z) = -z**2 - 17*z - 22. Suppose -255 = 3*x + 14*x. Determine q(x).
8
Let l = -117 + 113. Let w(i) be the third derivative of i**6/120 + i**5/30 - i**4/4 - i**3/3 - 8*i**2. Calculate w(l).
-10
Let y = -75 - -83. Let w(f) = 0*f + 13 + 2*f - 7 - y. What is w(4)?
6
Let c(w) be the second derivative of w**3/2 - 2*w**2 - w. Suppose -33 = -60*a + 49*a. Calculate c(a).
5
Let x(k) = k**2 - 8*k + 10. Suppose -h = 2*u - 13 + 1, h = 3*u + 2. Give x(h).
10
Let g = -12 - -14. Let u(y) = 0 + 9*y**3 - 2*y - 3*y**2 - 10*y**3 + g. Give u(-2).
2
Let d(i) be the third derivative of -i**5/60 - 5*i**4/8 - 7*i**3/6 + 2*i**2 + 57. What is d(-15)?
-7
Let a(x) = 3*x**3 - 4*x**2 + 4*x - 1. Let j(s) = -s**3 + s**2 + s - 3. Let q(r) = a(r) + 2*j(r). What is q(2)?
5
Let b(k) = k**3 + k**2 - 8*k + 7. Suppose 0 = 120*m - 127*m + 14. What is b(m)?
3
Let k(n) = n**2 - 6*n + 3. Suppose -8 = -3*b - i, -2*b - 5*i = -5*b - 4. Suppose 0 = g - 3*r - 21, 3*r = -g - b - 7. Calculate k(g).
3
Let n = -2371 + 2365. Let k(r) = -r**2 - 8*r - 3. Determine k(n).
9
Let f = 138 + -131. Let c(m) = -m**2 + 4*m + 10. Determine c(f).
-11
Let p(w) = w**2 - 17*w + 56. Suppose -2*x + 10 = 0, -3*n + 17 = 4*x - 36. Let k be p(n). Let y(v) = -v**2 - 8*v + 14. Determine y(k).
-6
Let d(y) = -y - 1. Let s(c) = -2*c + 2. Let z(h) = 4*d(h) - s(h). Suppose 9 = 5*k - 11. Let l be k*2*(-9)/12. What is z(l)?
6
Let r(c) be the first derivative of -c**2 - 6*c - 3. Let n(f) = -4*f - 12. Let g(y) = -3*n(y) + 5*r(y). What is g(-8)?
-10
Let t(c) = 2*c + 3 - 4 - 6. Let k(x) = 5*x + 12. Let h(f) = -2*f - 4. Let v(u) = 8*h(u) + 3*k(u). Let i(n) = -3*t(n) - 5*v(n). Give i(-3).
4
Let z(p) = 2*p**2 - 7*p + 2. Let q(x) = -x**2 - 13*x + 235. Let i be q(10). Give z(i).
17
Suppose -16 = -o + 1. Let g(k) = -8 - o*k + 15 - 7. What is g(1)?
-17
Let b(h) = -7 + 6 - 39*h + 20*h + 4*h**2 + 17*h + 6*h**2. Determine b(1).
7
Let n(r) = -497 - r**2 + 3*r + 497. Calculate n(5).
-10
Suppose 0 = -4*o + 5*o - 2. Let l(v) = v**3 - 8*v**2 + 2*v - 8. Let z be l(8). Let x(a) = -a**3 + 5 + 3 - 6*a**o + 0*a**2 - a**2 + z*a. Determine x(-8).
8
Suppose -a - 25 + 19 = 0. Let z(l) = -l**3 + 7 - 7*l + 7 - 13 - 7*l**2. Calculate z(a).
7
Let q(a) = 10*a**3 - 5*a**2 + 6*a + 19. Let r(f) be the first derivative of 3*f**4/4 - 2*f**3/3 + f**2 + 6*f + 29. Let z(y) = -2*q(y) + 7*r(y). Determine z(3).
1
Suppose -p - 3 = -x - 0*p, 2*x - p - 4 = 0. Let o(i) = 7*i - 2 - x - i**2 - 2 - 1. Suppose 0 = m + d - 7, -4*d + 2 + 2 = -2*m. Calculate o(m).
6
Let b = -17 - -12. Let l be -2 + b/((-15)/6). Let u(h) = -1 + 0*h**3 + h**3 + h + 4*h**2 + l*h. Determine u(-3).
5
Let v(h) = h**3 + 8*h**2 - 2*h - 11. Suppose i - 15 = 2*b + 5, 5*b + 52 = 3*i. Determine v(b).
5
Suppose -18*q + 31 + 23 = 0. Suppose -q*c - 5*j - 7 - 12 = 0, -j - 2 = 0. Let h(f) = -f**2 - 4*f - 4. Calculate h(c).
-1
Suppose r + 3 = 3*d - 3, -4*r = 0. Let z be (1 + -2)*(8 + -2). Let s(q) = -q. Let c(n) = -n - 3. Let w(u) = z*s(u) + c(u). Give w(d).
7
Let u(f) = 5*f - 19. Let j(z) = 3*z - 1. Let n(v) = 2*j(v) - u(v). What is n(-16)?
1
Let k(s) = s**2 + 2*s - 1. Suppose 5*g = 5*r + 3 - 8, 4*r - 6 = 3*g. Suppose -g*z = -5*z - 9, 4*m - z + 13 = 0. What is k(m)?
7
Let o = -5/197 + 1045/2364. Let p(q) be the third derivative of 0*q + 7*q**2 + 0 + 2/3*q**3 + 1/60*q**5 + o*q**4. Give p(-9).
-5
Let z be 1 - (1 + (-8)/(72/(-45))). Let m(k) = 3 - 1 - 3*k - k**2 + 0. Calculate m(z).
-8
Let b(j) = 2*j - 12. Let d be b(7). Let q(h) = h + 0*h + 1 - d*h. Suppose -30 + 42 = 6*g. Calculate q(g).
-1
Let a(q) = -5*q**3 - 5*q**2 - 12*q + 5. Let m(p) = 4*p**3 + 4*p**2 + 10*p - 4. Let g(v) = -5*a(v) - 6*m(v). Calculate g(-2).
-5
Let k be (2 - 12) + (-490)/(-49). Let u(f) be the second derivative of 1/2*f**3 + 0*f**2 + k - 1/12*f**4 + 2*f. Give u(3).
0
Let h(f) = 50*f**2 - 6 + 0*f + 2*f - 88*f**2 + f**3 + 44*f**2. Suppose -8*u = -2*u + 30. Calculate h(u).
9
Suppose -4*a = 3*g + 1, -1 + 6 = -2*a - 3*g. Let p be -9*((-4)/3)/a. Let n(q) = 2. Let c(j) = -j - 3. Let z(u) = 2*c(u) + 5*n(u). Determine z(p).
-8
Let k(i) = -15*i + 4. Suppose -3*m + 115 = d + 114, m + 9 = 2*d. Give k(m).
19
Let f be 2/4 + ((-3)/(-6) - -1). Let x(o) = 4*o**2 - 4*o + 2. Determine x(f).
10
Let j = -9 - -11. Let r(b) = -1 + 4*b + b**j + 0 + 0 - 6*b. Calculate r(-4).
23
Let y(b) = -b**3 - 7*b**2 - 9*b + 9. Let a be y(-5). Let r(o) = o + 9. Let i(z) = -z - 1. Let h(s) = -3*i(s) - r(s). Determine h(a).
2
Let o(z) = 45*z**2 - 6 - 80*z**2 + 44*z**2 - 3*z. Let y(q) = -25*q**2 + 10*q + 18. Let w(n) = 11*o(n) + 4*y(n). Determine w(8).
-2
Suppose -21 = 31*z + 196. Let v(r) = 3*r + r + r**2 + 3*r + 0*r. Calculate v(z).
0
Let x(i) = 4*i**2 + 2*i + 18. Let l(o) = 3*o**2 + 2*o + 15. Let s(y) = 5*l(y) - 4*x(y). What is s(-2)?
-5
Let w(b) = 3*b - 346430 + 3*b**2 + 346428 - 4*b**2 + 4*b**2. What is w(-3)?
16
Let f(z) be the third derivative of -1/30*z**5 + 0 + 0*z - 1/720*z**6 + 0*z**3 - 5/24*z**4 + z**2. Let p(c) be the second derivative of f(c). Give p(-4).
0
Let j = -48 + 53. Suppose 5*m - g = 2*m - 5, -20 = j*m - 4*g. Let r(b) = -b + 1. Calculate r(m).
1
Let f = -16 - -17. Let z be f/7 + 72/(-14). Let x(h) = -h**2 - 2*h + 7. Let c(l) = 2*l**2 + 4*l - 14. Let i(m) = -4*c(m) - 9*x(m). Calculate i(z).
8
Let z(x) = x**2 + 20*x + 15. Let s be z(-19). Let t(n) be the third derivative of -n**5/60 - n**4/3 - 5*n**3/6 + 12*n**2. Calculate t(s).
11
Let t be (-5 + 4)/(1/(-7)). Let o(l) = -l - 79*l**3 - t*l**2 - 4 + 41*l**3 + 39*l**3. What is o(7)?
-11
Let f(z) = -z**3 + 11*z**2 + 12*z + 2. Suppose 5*l - 140 = -80. Determine f(l).
2
Suppose 70*q + 18 = -n + 65*q, 2*n - 2*q = -12. Let h(z) = 8*z + 9. Let i(s) = s. Let a = -1 - -2. Let f(x) = a*h(x) - 6*i(x).